prime factors of k?
2, 7
Let x(n) = 11*n - 5. Let o(b) = 4*b**2 + 28*b - 12. Let w be o(-8). What are the prime factors of x(w)?
5, 43
Let n(l) = 18*l - 10. Let f be (-1247)/(-145) + 2/10*2. List the prime factors of n(f).
2, 19
Let y(i) = -i**3 - 7*i**2 - 4*i - 4. Let m be y(-6). Let z be (10/(-4) - -2)*m. Let t = 15 - z. List the prime factors of t.
7
Let b be 15*4/24*(-8)/(-10). What are the prime factors of b/4 - (-285)/6?
2, 3
Suppose 9*a - 1173 + 174 = 0. What are the prime factors of a?
3, 37
Let p = 150 - 91. Let z be (0 - (-6)/2)/((-30)/370). Let j = p + z. What are the prime factors of j?
2, 11
Suppose 2 = 4*u + 2*b, 3*u + 7 = 7*u + b. Suppose 24 = -v + u*v. List the prime factors of v.
2, 3
Suppose 4*h - 2*s = 7*h - 5146, -5128 = -3*h + 7*s. What are the prime factors of h?
2, 857
Let l be 3*6/(-2 - 0). Let t be l - (-1 + 3 - 5). What are the prime factors of (t/(-4))/(3/42)?
3, 7
List the prime factors of (-4 + (-7 - 697))*-1.
2, 3, 59
Let z(m) = m**3 - 17*m**2 + 13*m + 19. List the prime factors of z(18).
577
Let b = 54 - 51. Suppose -6*o + 441 = 3*z - 4*o, 429 = b*z - 2*o. What are the prime factors of z?
5, 29
Let s(j) = -j**2 + 8*j - 4. Let k be s(8). Let d be (-112)/4 + 3 - k. Let w = 1 - d. List the prime factors of w.
2, 11
Suppose 6*q - 17 = 1. Suppose 3*b - q*u = 15, -4*b = -u + 6*u - 56. List the prime factors of b.
3
Suppose 0 = 2*k - 4*t - 11354, -4*k - 5*t + 29160 = 6413. List the prime factors of k.
5683
Let j = -209 - -337. List the prime factors of j.
2
Suppose o + 13*r = 10*r + 29, 0 = -2*r - 4. What are the prime factors of o?
5, 7
Let n = 308 + -146. Let x be 0 + 0 + (n - -3). What are the prime factors of ((-16)/20)/((-6)/x)?
2, 11
Suppose 0 = 11*p + p - 3612. List the prime factors of p.
7, 43
Let m be (-10)/(3 - 5) + -3. Suppose m*r - 60 = r. What are the prime factors of r?
2, 3, 5
Suppose 5*p + 2 = -4*l, -5 - 11 = 4*p - 4*l. Let y be ((-12)/(-8))/((-2)/(-68)*3). Let j = p + y. List the prime factors of j.
3, 5
Let h(f) = 2*f**3 + 12*f**2 - 3*f - 7. Let o be h(-6). Suppose o*q + 10*q - 567 = 0. List the prime factors of q.
3
Suppose 131 = -10*g + 11341. What are the prime factors of g?
19, 59
Let m(k) = -5017*k**3 + 2*k**2 + 23*k + 20. What are the prime factors of m(-1)?
2, 3, 11, 19
Let i = -109 + 221. Let r = -176 - -103. Let k = r + i. What are the prime factors of k?
3, 13
Suppose a + 105 - 28 = 0. Let s = a + 111. List the prime factors of s.
2, 17
Let t be ((-12)/16)/(1/(-4)). Let g(y) = -y + 5. Let k be g(3). Suppose 66 = t*n - k*n. What are the prime factors of n?
2, 3, 11
Let w = 768 + 320. What are the prime factors of w?
2, 17
What are the prime factors of (1 + -4)*-2*(-8955)/(-54)?
5, 199
Suppose 1265 = 9*x - 4180. List the prime factors of x.
5, 11
Let v(p) = 260*p + 383. List the prime factors of v(5).
3, 11, 17
Let a(o) = 2*o**2 + 42*o + 196. What are the prime factors of a(-27)?
2, 5, 13
Let h = 839 - 9. List the prime factors of h.
2, 5, 83
Let l = -3963 - -7344. List the prime factors of l.
3, 7, 23
Suppose -5*m + 2*v = -2*m - 820, -m = 2*v - 276. Let f = m + 37. List the prime factors of f.
311
Suppose 3*n - 2*k - 32 = -4*k, n - 4*k = -8. What are the prime factors of (-57 + -3)*(-4)/n?
2, 3, 5
Let a(s) = 5*s + s**3 - 4*s**2 - 4*s + 3*s - 74 + 149 - 69. Suppose -y + 1 = c + y, -3*c = -3*y - 21. What are the prime factors of a(c)?
3, 17
Suppose -301 - 29 = 5*f. Let b = f - -35. Let y = 2 - b. What are the prime factors of y?
3, 11
Suppose 2*i - 28 = -3*t, -t = 6*i - 3*i - 28. Suppose -3110*b = -3104*b + 1080. List the prime factors of i/(32/b)*-1.
3, 5
Let z = 36 + -13. Suppose -4*n = -2*p + 3 - z, -3*n + 15 = 0. Suppose p = 2*l - 6*l + 176. What are the prime factors of l?
2, 11
Suppose -16*d = -3*d - 26. Suppose d = a - 22. What are the prime factors of a?
2, 3
Suppose -4*v = r - 24, 4 = 5*v + 3*r - 19. Let b be 310/v + 6/(-21). Let g = b + -24. List the prime factors of g.
2, 5
List the prime factors of ((-122)/(-8))/((-5)/3640*-7).
2, 13, 61
Let d(g) = -8*g - 87. What are the prime factors of d(-13)?
17
Let g(b) = -b - 2*b + 3*b - 1 + 4*b. Let i be g(9). Let t = i - 20. What are the prime factors of t?
3, 5
Let n = -642 - -1162. Suppose -6*g + n = 2*g. Let d = g - 17. List the prime factors of d.
2, 3
List the prime factors of 135/5*18 + -6.
2, 3, 5
Suppose -8*n = -12*n + 112. Suppose 4*y + n = a + 193, -5*y = -a - 206. List the prime factors of y.
41
Suppose -42*v - 17270 = -52*v. List the prime factors of v.
11, 157
Let t be (-3)/(6/20)*(-72)/360. Suppose -5*i - 4*m + 7*m + 501 = 0, -194 = -t*i - 2*m. List the prime factors of i.
3, 11
Let k(u) = -u**3 + 2*u**2 + u + 1. Let j be k(-3). Let i = j - -37. List the prime factors of i.
2, 5
Suppose 0 = -4*o - o + 2530. List the prime factors of o.
2, 11, 23
Let d(o) = -o**3 + 7*o**2 - 7*o + 3. Let r be d(6). Let f = -10 - r. Let w(t) = t**2 + 2*t - 10. List the prime factors of w(f).
5
Let j(t) = t - 3. Let n be j(8). Suppose -5*p = -5*c + n + 20, 4*c = -2*p + 20. List the prime factors of 0 - (p/(-4) + -6).
2, 3
Let z be 2 + (-14 - -2) - -1. Let x = 8 + z. Let v(w) = 24*w**2 + 2*w + 1. List the prime factors of v(x).
23
Suppose -m = -b + 318, -1 = 4*m - 3*m. List the prime factors of b.
317
Let o = -94 + 4. Let t be (o/14 + -3)*-7. Let k = t + -44. List the prime factors of k.
2, 11
Suppose -7*w = -9*w + 2, -5*w + 20590 = 5*i. List the prime factors of i.
23, 179
Let p(l) = -2*l**2 + 11*l - 10. Let y = 17 - 10. Let d be p(y). Let w = 51 + d. List the prime factors of w.
2, 5
Suppose -5*s + 6142 = 732. What are the prime factors of s?
2, 541
Let t(w) = 18*w**2 + 19*w - 11. List the prime factors of t(-6).
523
Suppose -4*w = 2*z + 46, 0*w - 5*z = 5*w + 70. Let q(j) = -1 - 3 + 2*j - 7*j. What are the prime factors of q(w)?
41
Let c(q) = 12*q**3 - 2*q**2 + 19*q - 14. What are the prime factors of c(3)?
349
Let s(a) = a**2 - 9*a - 8. Let p be s(9). Let l be 8 - (-4)/p*-2. Suppose -y = -i + 1 + l, 0 = -3*i + 5*y + 34. What are the prime factors of i?
2
Let g(l) = 6*l**2 + 198*l. List the prime factors of g(-40).
2, 3, 5, 7
Suppose 776 + 491 = 7*q. What are the prime factors of q?
181
Suppose 4*k = -0*k + 3*x + 52, -36 = -3*k + 3*x. Let i = -9 + k. Suppose i = 4*d - 1. List the prime factors of d.
2
Let h(d) be the first derivative of 4*d**2 - 6*d - 3. Let a be h(3). List the prime factors of (1 - 1) + -2 + a.
2
What are the prime factors of (-11 - (-4332)/(-60))/(2/(-65))?
2, 13
Let t(c) = -c**3 + 9*c**2 - c - 9. Let z = 55 + -48. What are the prime factors of t(z)?
2, 41
What are the prime factors of 67/((4 - 2)*(-2)/(-32))?
2, 67
Suppose 9*y - 2*y = -77. Let u = -15 - y. List the prime factors of (-8)/(u - -8) + 8.
2, 3
Let b(z) = 50*z**2 + 2. Let f(y) = 49*y**2 - y + 3. Let h(a) = 4*b(a) - 3*f(a). What are the prime factors of h(1)?
5, 11
Suppose -3*d = -3*s - 4935, 0 = -4*d + 234*s - 238*s + 6588. List the prime factors of d.
2, 823
Let i(x) = -x**2 + 7*x. Let p be i(10). Let r be (36/p)/(4/(-10)). Suppose -r*w + 0*w + 34 = -5*f, -86 = -5*w + f. What are the prime factors of w?
2, 3
Suppose 4*o + 2460 = 8*o. What are the prime factors of (o/25)/(1/5)?
3, 41
Let v(d) = -4738*d - 103. List the prime factors of v(-1).
3, 5, 103
Suppose b = 2*b - 2*s - 265, 0 = -5*b - s + 1270. What are the prime factors of b?
3, 5, 17
Let b(p) = p**3 - 6*p**2 - 8*p + 8. Let x be b(7). Let z(r) = 68*r**2 - 2*r + 1. Let f be z(x). Suppose h = -13 + f. What are the prime factors of h?
2, 3
Let l(t) = -9*t**3 + 10*t**2 - 9*t**2 - 1 + 4 + 3*t - 11*t**3. List the prime factors of l(-2).
7, 23
Let n = 377 + -122. What are the prime factors of n?
3, 5, 17
Suppose 5*r - 20 = -n, 0 = -n + 2*r - 4*r + 11. Suppose 26 - 451 = -n*o - 4*t, 5*t + 292 = 3*o. List the prime factors of o.
89
Suppose 4*n - 5*f - 1909 = 0, 1908 = 4*n + 11*f - 15*f. List the prime factors of n.
2, 7, 17
Suppose 0 = -3*t - 2*o + 7 + 36, o + 50 = 5*t. Suppose 5*d = 5, 2*v + 5*d = 6*v - t. Let f(q) = 2*q + 5. What are the prime factors of f(v)?
13
Let v(h) = h**3 - 8*h**2 + 5*h + 6. Let b be v(6). Let g = 106 + b. List the prime factors of g.
2, 5, 7
Let o(q) be the first derivative of q**4/24 + q**3 + q**2 + 1. Let y(u) be the second derivative of o(u). What are the prime factors of y(-4)?
2
Let